{"id":218,"date":"2020-05-12T03:43:04","date_gmt":"2020-05-12T06:43:04","guid":{"rendered":"https:\/\/www.germano.cl\/index.php\/about\/"},"modified":"2023-06-22T02:31:00","modified_gmt":"2023-06-22T05:31:00","slug":"nosotros","status":"publish","type":"page","link":"https:\/\/www.germano.cl\/index.php\/nosotros\/","title":{"rendered":"Nosotros"},"content":{"rendered":"\n<div class=\"wp-block-uagb-container uagb-block-deff4669 alignfull uagb-is-root-container\"><\/div>\n\n\n\n<div class=\"wp-block-uagb-container uagb-block-a319f0e7 alignwide uagb-is-root-container\">\n<div class=\"wp-block-uagb-container uagb-block-3cfe213d\">\n<div class=\"wp-block-uagb-advanced-heading uagb-block-6b534530\"><h2 class=\"uagb-heading-text\">NUESTRO ESTUDIO<\/h2><\/div>\n\n\n\n<div style=\"height:40px\" aria-hidden=\"true\" class=\"wp-block-spacer\"><\/div>\n\n\n\n<figure class=\"wp-block-image aligncenter size-large is-resized\"><img loading=\"lazy\" decoding=\"async\" src=\"https:\/\/www.germano.cl\/wp-content\/uploads\/2023\/06\/aaaaaaaaa-1024x576.jpg\" alt=\"\" class=\"wp-image-1867\" width=\"508\" height=\"285\" srcset=\"https:\/\/www.germano.cl\/wp-content\/uploads\/2023\/06\/aaaaaaaaa-1024x576.jpg 1024w, https:\/\/www.germano.cl\/wp-content\/uploads\/2023\/06\/aaaaaaaaa-300x169.jpg 300w, https:\/\/www.germano.cl\/wp-content\/uploads\/2023\/06\/aaaaaaaaa-768x432.jpg 768w, https:\/\/www.germano.cl\/wp-content\/uploads\/2023\/06\/aaaaaaaaa.jpg 1200w\" sizes=\"auto, (max-width: 508px) 100vw, 508px\" \/><\/figure>\n<\/div>\n\n\n\n<div class=\"wp-block-uagb-container uagb-block-41ec1744\">\n<p><strong>Germano &amp; asociados est\u00e1 conformado por un equipo de profesionales altamente capacitados para llevar a cabo un fiel y arduo desempe\u00f1o de los negocios encargados por nuestros clientes, otorgando soluciones concretas y eficaces a las problem\u00e1ticas presentadas.<\/strong><strong><br>Contamos con especialistas en diversas \u00e1reas del derecho, que cuentan con una vasta trayectoria profesional. Nuestro objetivo es desempe\u00f1ar una labor impecable, dedic\u00e1ndonos a brindar asesor\u00eda legal, para as\u00ed lograr la satisfacci\u00f3n y conformidad de nuestros clientes.<\/strong><\/p>\n\n\n\n<div class=\"wp-block-uagb-icon-list uagb-block-208c781b\"><div class=\"uagb-icon-list__wrap\">\n<div class=\"wp-block-uagb-icon-list-child uagb-block-fd8c6e00\"><a target=\"_self\" aria-label=\"PROFESIONALES CAPACITADOS\u200b\" rel=\"noopener noreferrer\" href=\"#\"> <\/a><span class=\"uagb-icon-list__source-wrap\"><svg xmlns=\"https:\/\/www.w3.org\/2000\/svg\" viewBox=\"0 0 256 512\"><path d=\"M118.6 105.4l128 127.1C252.9 239.6 256 247.8 256 255.1s-3.125 16.38-9.375 22.63l-128 127.1c-9.156 9.156-22.91 11.9-34.88 6.943S64 396.9 64 383.1V128c0-12.94 7.781-24.62 19.75-29.58S109.5 96.23 118.6 105.4z\"><\/path><\/svg><\/span><span class=\"uagb-icon-list__label\">PROFESIONALES CAPACITADOS\u200b<\/span><\/div>\n\n\n\n<div class=\"wp-block-uagb-icon-list-child uagb-block-dbbba4e9\"><a target=\"_self\" aria-label=\"DEDICACI\u00d3N\u200b\" rel=\"noopener noreferrer\" href=\"#\"> <\/a><span class=\"uagb-icon-list__source-wrap\"><svg xmlns=\"https:\/\/www.w3.org\/2000\/svg\" viewBox=\"0 0 256 512\"><path d=\"M118.6 105.4l128 127.1C252.9 239.6 256 247.8 256 255.1s-3.125 16.38-9.375 22.63l-128 127.1c-9.156 9.156-22.91 11.9-34.88 6.943S64 396.9 64 383.1V128c0-12.94 7.781-24.62 19.75-29.58S109.5 96.23 118.6 105.4z\"><\/path><\/svg><\/span><span class=\"uagb-icon-list__label\">DEDICACI\u00d3N\u200b<\/span><\/div>\n\n\n\n<div class=\"wp-block-uagb-icon-list-child uagb-block-dfbfb18e\"><a target=\"_self\" aria-label=\"SOLUCIONES CONCRETAS\u200b\" rel=\"noopener noreferrer\" href=\"#\"> <\/a><span class=\"uagb-icon-list__source-wrap\"><svg xmlns=\"https:\/\/www.w3.org\/2000\/svg\" viewBox=\"0 0 256 512\"><path d=\"M118.6 105.4l128 127.1C252.9 239.6 256 247.8 256 255.1s-3.125 16.38-9.375 22.63l-128 127.1c-9.156 9.156-22.91 11.9-34.88 6.943S64 396.9 64 383.1V128c0-12.94 7.781-24.62 19.75-29.58S109.5 96.23 118.6 105.4z\"><\/path><\/svg><\/span><span class=\"uagb-icon-list__label\">SOLUCIONES CONCRETAS\u200b<\/span><\/div>\n<\/div><\/div>\n\n\n\n<p><\/p>\n<\/div>\n<\/div>\n","protected":false},"excerpt":{"rendered":"<p>NUESTRO ESTUDIO Germano &amp; asociados est\u00e1 conformado por un equipo de profesionales altamente capacitados para llevar a cabo un fiel y arduo desempe\u00f1o de los negocios encargados por nuestros clientes, otorgando soluciones concretas y eficaces a las problem\u00e1ticas presentadas.Contamos con especialistas en diversas \u00e1reas del derecho, que cuentan con una vasta trayectoria profesional. Nuestro objetivo &hellip;<\/p>\n<p class=\"read-more\"> <a class=\"\" href=\"https:\/\/www.germano.cl\/index.php\/nosotros\/\"> <span class=\"screen-reader-text\">Nosotros<\/span> Read More &raquo;<\/a><\/p>\n","protected":false},"author":1,"featured_media":0,"parent":0,"menu_order":0,"comment_status":"closed","ping_status":"closed","template":"","meta":{"_uag_custom_page_level_css":"","site-sidebar-layout":"no-sidebar","site-content-layout":"plain-container","ast-global-header-display":"","ast-banner-title-visibility":"","ast-main-header-display":"","ast-hfb-above-header-display":"","ast-hfb-below-header-display":"","ast-hfb-mobile-header-display":"","site-post-title":"disabled","ast-breadcrumbs-content":"","ast-featured-img":"disabled","footer-sml-layout":"","theme-transparent-header-meta":"enabled","adv-header-id-meta":"","stick-header-meta":"","header-above-stick-meta":"","header-main-stick-meta":"","header-below-stick-meta":"","footnotes":""},"class_list":["post-218","page","type-page","status-publish","hentry"],"uagb_featured_image_src":{"full":false,"thumbnail":false,"medium":false,"medium_large":false,"large":false,"1536x1536":false,"2048x2048":false},"uagb_author_info":{"display_name":"Fernanda","author_link":"https:\/\/www.germano.cl\/index.php\/author\/fernanda\/"},"uagb_comment_info":0,"uagb_excerpt":"NUESTRO ESTUDIO Germano &amp; asociados est\u00e1 conformado por un equipo de profesionales altamente capacitados para llevar a cabo un fiel y arduo desempe\u00f1o de los negocios encargados por nuestros clientes, otorgando soluciones concretas y eficaces a las problem\u00e1ticas presentadas.Contamos con especialistas en diversas \u00e1reas del derecho, que cuentan con una vasta trayectoria profesional. Nuestro objetivo&hellip;","_links":{"self":[{"href":"https:\/\/www.germano.cl\/index.php\/wp-json\/wp\/v2\/pages\/218","targetHints":{"allow":["GET"]}}],"collection":[{"href":"https:\/\/www.germano.cl\/index.php\/wp-json\/wp\/v2\/pages"}],"about":[{"href":"https:\/\/www.germano.cl\/index.php\/wp-json\/wp\/v2\/types\/page"}],"author":[{"embeddable":true,"href":"https:\/\/www.germano.cl\/index.php\/wp-json\/wp\/v2\/users\/1"}],"replies":[{"embeddable":true,"href":"https:\/\/www.germano.cl\/index.php\/wp-json\/wp\/v2\/comments?post=218"}],"version-history":[{"count":83,"href":"https:\/\/www.germano.cl\/index.php\/wp-json\/wp\/v2\/pages\/218\/revisions"}],"predecessor-version":[{"id":1869,"href":"https:\/\/www.germano.cl\/index.php\/wp-json\/wp\/v2\/pages\/218\/revisions\/1869"}],"wp:attachment":[{"href":"https:\/\/www.germano.cl\/index.php\/wp-json\/wp\/v2\/media?parent=218"}],"curies":[{"name":"wp","href":"https:\/\/api.w.org\/{rel}","templated":true}]}}